{"id":2444,"date":"2025-05-28T09:43:25","date_gmt":"2025-05-28T07:43:25","guid":{"rendered":"http:\/\/sectorteruel.salud.aragon.es\/?page_id=2444"},"modified":"2025-05-28T12:43:29","modified_gmt":"2025-05-28T10:43:29","slug":"servicio-de-farmacia","status":"publish","type":"page","link":"https:\/\/sectorteruel.salud.aragon.es\/?page_id=2444","title":{"rendered":"Servicio de Farmacia"},"content":{"rendered":"<div class=\"servicio-farmacia\">\n\n<h2 class=\"wp-block-heading\">Presentaci\u00f3n del Servicio de Farmacia<\/h2>\n\n\n\n<h3 class=\"wp-block-heading\">Introducci\u00f3n<\/h3>\n\n\n\n<p>En marzo de 1973 se autoriza por el Inspertor Provincial de Farmacia D. Alejandro Gallego Murillo la apertura de la farmacia de la Residencia Sanitaria \u201cObispo Polanco\u201d siendo entonces la encargada de los Servicios D\u00f1a. Carmen Gonz\u00e1lez Comesa. Desde entonces hasta ahora ha ido evolucionando y adapt\u00e1ndose a los cambios para atender a nuevas demandas y requisitos legales.<\/p>\n\n\n\n<p>El Servicio de Farmacia es un Servicio General Cl\u00ednico, integrado funcional y jer\u00e1rquicamente en el hospital. De acuerdo a la legislaci\u00f3n vigente, sobre regulaci\u00f3n de los servicios farmac\u00e9uticos de hospitales, Ley de Hospitales de 21 de julio de 1962, Orden de 1 de febrero de 1977, y a la Ley 29\/2006, de 26 de julio, de garant\u00edas y uso racional de medicamentos y productos sanitarios&nbsp; tiene los siguientes objetivos:<\/p>\n\n\n\n<ul class=\"wp-block-list\">\n<li>Garantizar y asumir la responsabilidad t\u00e9cnica de la adquisici\u00f3n, calidad, correcta conservaci\u00f3n, cobertura de las necesidades, custodia, preparaci\u00f3n de f\u00f3rmulas magistrales o preparados oficinales y dispensaci\u00f3n de los medicamentos precisos, incluidos en la gu\u00eda farmacoterap\u00e9utica del hospital.<\/li>\n\n\n\n<li>Establecer un sistema eficaz y seguro de dispensaci\u00f3n de los medicamentos.<\/li>\n\n\n\n<li>Formar parte de la Comisi\u00f3n de Farmacia y Terap\u00e9utica del hospital, y en el marco de la misma, participar en la selecci\u00f3n de los medicamentos a incluir y su empleo.<\/li>\n\n\n\n<li>Formar parte de todas aquellas comisiones en las que sus conocimientos puedan ser \u00fatiles.<\/li>\n\n\n\n<li>Establecer un sistema de informaci\u00f3n de medicamentos a pacientes y personal sanitario.<\/li>\n\n\n\n<li>Efectuar trabajos de investigaci\u00f3n propios o en colaboraci\u00f3n con otras unidades o servicios y participar en los ensayos cl\u00ednicos con medicamentos.<\/li>\n\n\n\n<li>Realizar la dispensaci\u00f3n ambulatoria a aquellos pacientes que lo precisen, de acuerdo a la legislaci\u00f3n vigente establecida.<\/li>\n\n\n\n<li>Establecer un sistema de farmacovigilancia dentro del hospital que permita la detecci\u00f3n precoz de efectos secundarios y\/o reacciones adversas importantes.<\/li>\n\n\n\n<li>Planificaci\u00f3n de estudios de utilizaci\u00f3n de medicamentos.<\/li>\n\n\n\n<li>Llevar a cabo actividades de farmacocin\u00e9tica cl\u00ednica.<\/li>\n\n\n\n<li>Colaboraci\u00f3n en programas educacionales y de formaci\u00f3n con otras estructura sanitarias de la zona<\/li>\n\n\n\n<li>Puesta en marcha de unidades centralizadas de mezclas intravenosas para la preparaci\u00f3n, correcta conservaci\u00f3n, seguimiento y dispensaci\u00f3n de medicamentos de administraci\u00f3n intravenosa.<\/li>\n\n\n\n<li>Cuantas funciones puedan redundar en mejor uso y control de los medicamentos.<\/li>\n<\/ul>\n\n\n\n<p>De acuerdo a estas funciones, las actividades farmac\u00e9uticas son de tipo asistencial, administrativo, tecnol\u00f3gico y cient\u00edfico<\/p>\n\n\n\n<h3 class=\"wp-block-heading\">Ubicaci\u00f3n<\/h3>\n\n\n\n<p>El Servicio de Farmacia est\u00e1 situado en la planta baja del Hospital en una zona de f\u00e1cil acceso tanto desde el exterior del hospital como desde el interior.<\/p>\n\n\n\n<p>Las \u00e1reas de trabajo y su esquema funcional se distribuyen como a continuaci\u00f3n se detalla:<\/p>\n\n\n\n<h4 class=\"wp-block-heading\">Almac\u00e9n general<\/h4>\n\n\n\n<p>Acoge a todas las \u00e1reas en una misma zona y dispone de un \u00fanico almac\u00e9n general de medicamentos con subalmacenes para de inflamables, termol\u00e1biles, estupefacientes, psicotropos, estupefacientes, fluidoterapia, unidosis y especialidades m\u00e9dicas de uso hospitalario (pacientes externos).<\/p>\n\n\n\n<h4 class=\"wp-block-heading\">Sala de espera y recepci\u00f3n de peticiones<\/h4>\n\n\n\n<p>Es una zona reservada a la entrega de petitorios de medicaci\u00f3n para la reposici\u00f3n de la medicaci\u00f3n de los botiquines de planta&nbsp;<\/p>\n\n\n\n<h4 class=\"wp-block-heading\">\u00c1rea de Administraci\u00f3n y Gesti\u00f3n<\/h4>\n\n\n\n<p>En ella se encuentran el despacho de la secretar\u00eda de administraci\u00f3n y gesti\u00f3n de pedidos y los despachos de los farmac\u00e9uticos.<\/p>\n\n\n\n<h5 class=\"wp-block-heading\">\u00c1rea de Recepci\u00f3n de Mercanc\u00edas<\/h5>\n\n\n\n<p>Es una zona que se utiliza para la recepci\u00f3n y registro de la entrada diaria de medicaci\u00f3n de los proveedores principales.<\/p>\n\n\n\n<h5 class=\"wp-block-heading\">\u00c1rea de Dispensaci\u00f3n de medicaci\u00f3n en Dosis Unitarias<\/h5>\n\n\n\n<p>&nbsp;Alberga los carritos de dispensaci\u00f3n y un subalmac\u00e9n de medicaci\u00f3n para la preparaci\u00f3n de medicaci\u00f3n por Dosis Unitarias.<\/p>\n\n\n\n<h4 class=\"wp-block-heading\">Laboratorios<\/h4>\n\n\n\n<p>Incluye un \u00e1rea de elaboraci\u00f3n de f\u00f3rmulas magistrales y f\u00f3rmulas normalizadas (en la actualidad no funcionante), otra de reenvasado y acondicionamiento de medicamentos en dosis unitarias y otra de elaboraci\u00f3n de preparados est\u00e9riles con una c\u00e1mara de flujo laminar horizontal de calidad 100 para la elaboraci\u00f3n de nutrici\u00f3n parenteral y otra c\u00e1mara de flujo laminar vertical para la reconstituci\u00f3n de citost\u00e1ticos.<\/p>\n\n\n\n<h3 class=\"wp-block-heading\" style=\"margin-bottom: 10px;\">Equipo de Profesionales<\/h3>\n\n\n\n<ul>\n<li>Facultativos<\/li>\n<li>Supervisora Farmacia<\/li>\n<li>ATS-DUE<\/li>\n<li>Auxiliar Administrativo<\/li>\n<li>Auxiliares de Enfermer\u00eda<\/li>\n<\/ul>\n\n\n\n\n\n<h3 class=\"wp-block-heading\">Cartera de Servicios<\/h3>\n\n\n\n<h4 class=\"wp-block-heading\">Gesti\u00f3n de compras<\/h4>\n\n\n\n<p>Los hospitales p\u00fablicos son una empresa sin \u00e1nimo de lucro, cuyo objetivo es dar servicio asistencial a la comunidad a la que atiende, con un costo razonable. Por tanto el servicio de farmacia, para adecuarse a esta circunstancia debe compaginar actividades de contabilidad y gesti\u00f3n econ\u00f3mica con actividades cl\u00ednicas buscando la m\u00e1xima eficiencia en la distribuci\u00f3n de los recursos que emplea.<\/p>\n\n\n\n<h4 class=\"wp-block-heading\">Dispensaci\u00f3n a los pacientes hospitalizados<\/h4>\n\n\n\n<p>Para atender las necesidades de medicaci\u00f3n de pacientes ingresados disponemos de dos sistemas de dispensaci\u00f3n:<\/p>\n\n\n\n<p>1.- Dispensaci\u00f3n sin la intervenci\u00f3n previa del farmac\u00e9utico: Reposici\u00f3n de botiquines de planta:<\/p>\n\n\n\n<p>Desde octubre de 2008 se dispone de la opci\u00f3n electr\u00f3nica de reposici\u00f3n de botiquines a todos los servicios y plantas de hospitalizaci\u00f3n.&nbsp;<\/p>\n\n\n\n<p>2.-&nbsp; Dispensaci\u00f3n con intervenci\u00f3n previa del farmac\u00e9utico: Dosis Unitarias<\/p>\n\n\n\n<p>Cuando hablamos de Dosis Unitarias queremos decir \u201cla dosis concreta que un paciente determinado recibe en el momento de la administraci\u00f3n\u201d para cumplir la prescripci\u00f3n m\u00e9dica durante un periodo determinado (en nuestro caso 24 h).<\/p>\n\n\n\n<p>Este sistema de dispensaci\u00f3n fue implantado en el hospital desde 1992 en todas las plantas de hospitalizaci\u00f3n excepto en pediatr\u00eda (debido a las peculiaridades de la poblaci\u00f3n a la que atiende) permitiendo \u201cconocer la historia Farmacoterap\u00e9utica de los pacientes y la intervenci\u00f3n farmac\u00e9utica (sustituci\u00f3n gen\u00e9rica y\/o terap\u00e9utica) antes de la dispensaci\u00f3n y administraci\u00f3n de los f\u00e1rmacos, colaborando activamente en la disminuci\u00f3n de los errores de medicaci\u00f3n, interacciones y reacciones adversas\u201d. El objetivo que impuls\u00f3 la implantaci\u00f3n del Sistema de Distribuci\u00f3n de Medicamentos en Dosis Unitarias (SDMDU) inicialmente fue la seguridad del paciente, y para justificar su implantaci\u00f3n, se basaron en la disminuci\u00f3n de errores que se produc\u00edan al utilizar el SDMDU, frente a los sistemas utilizados en ese momento.<\/p>\n\n\n\n<p>Los objetivos de los SDMDU son:<\/p>\n\n\n\n<ul class=\"wp-block-list\">\n<li>Racionalizar la distribuci\u00f3n.<\/li>\n\n\n\n<li>Garantizar el cumplimiento de la prescripci\u00f3n m\u00e9dica.<\/li>\n\n\n\n<li>Garantizar la correcta administraci\u00f3n de los medicamentos al enfermo.<\/li>\n\n\n\n<li>Validaci\u00f3n de la orden m\u00e9dica.<\/li>\n\n\n\n<li>Intervenciones dirigidas fundamentalmente al control de calidad de la validaci\u00f3n y seguimiento espec\u00edfico de alg\u00fan medicamento.<\/li>\n\n\n\n<li>Consultas r\u00e1pidas relacionadas con el paciente\/ medicamento, que no precisen de un informe escrito.<\/li>\n\n\n\n<li>Implantaci\u00f3n de un sistema de informaci\u00f3n, calidad y evaluaci\u00f3n econ\u00f3mica.<\/li>\n<\/ul>\n\n\n\n<p>En 1995 se produjo la informatizaci\u00f3n en todas las Unidades de Enfermer\u00eda en las que estaba implantado este sistema de dispensaci\u00f3n y desde octubre de 2008 disponemos de una nueva versi\u00f3n del programa de Gesti\u00f3n de pacientes en Unidosis (Farmatools) que incluye un m\u00f3dulo de prescripci\u00f3n electr\u00f3nica&nbsp; que se introducir\u00e1 paulatinamente comenzando por un servicio piloto hasta incluir a la totalidad de servicios en SDMU.<\/p>\n\n\n\n<h4 class=\"wp-block-heading\">Atenci\u00f3n Farmac\u00e9utica a pacientes externos<\/h4>\n\n\n\n<p>El servicio de farmacia del hospital, cada vez m\u00e1s, dispensa medicamentos cuyo registro es s\u00f3lo para USO HOSPITALARIO, pero los pacientes que los utilizan suelen ser ambulatorios. Esta actividad permite informar y educar al enfermo en el uso correcto de su medicaci\u00f3n y por tanto a mejorar el cumplimiento terap\u00e9utico y el resultado global de su estado de salud.<\/p>\n\n\n\n<h4 class=\"wp-block-heading\">Centro de informaci\u00f3n de medicamentos (CIM)<\/h4>\n\n\n\n<p>El objetivo del CIM es suministrar informaci\u00f3n evaluada e independiente sobre medicamentos con la finalidad de potenciar un empleo racional de los mismos. Las actividades b\u00e1sicas desarrolladas son:<\/p>\n\n\n\n<p>1.- Participar en la elaboraci\u00f3n del Formulario o Gu\u00eda Farmacoterap\u00e9utica del hospital, es decir, en la selecci\u00f3n de medicamentos que utilizar\u00e1 el hospital, asegurando el acceso a los f\u00e1rmacos m\u00e1s necesarios en nuestro \u00e1mbito asistencial, teniendo en cuenta criterios de eficacia, seguridad, calidad y coste.<\/p>\n\n\n\n<p>2.- Informar a la Comisi\u00f3n de Farmacia y Terap\u00e9utica (CFyT). La CFyT&nbsp; es el \u00f3rgano consultivo y asesor del equipo asistencial del hospital. El CIM suministra a este organismo toda la informaci\u00f3n requerida en el \u00e1rea del medicamento mediante informes.<\/p>\n\n\n\n<p>3.- Informaci\u00f3n pasiva. Una funci\u00f3n b\u00e1sica del CIM es dar respuestas objetivas y v\u00e1lidas a las consultas realizadas sobre el medicamento planteadas por el personal sanitario.<\/p>\n\n\n\n<p>4.- Informaci\u00f3n al paciente.<\/p>\n\n\n\n<p>5.- Revisi\u00f3n de utilizaci\u00f3n de medicamentos&nbsp;&nbsp;&nbsp; &nbsp;&nbsp;&nbsp;&nbsp;<\/p>\n\n\n\n<h4 class=\"wp-block-heading\">Farmacot\u00e9cnia<\/h4>\n\n\n\n<p>El Servico de Farmacia es responsable de la elaboraci\u00f3n y dispensaci\u00f3n de preparaciones est\u00e9riles y no est\u00e9riles asegurando una correcta composici\u00f3n, pureza, estabilidad y esterilidad, con un acondicionamiento id\u00f3neo y una identificaci\u00f3n precisa y apropiadas para el paciente. Para ello se deben observar las normas de correcta fabricaci\u00f3n y los requisitos legales establecidos en el Real Decreto 175\/2001, por el que se aprueban las normas de correcta elaboraci\u00f3n y control de calidad de f\u00f3rmulas magistrales y preparados oficinales.<\/p>\n\n\n\n<p>1.- Formas farmac\u00e9uticas no \u00e9steriles<\/p>\n\n\n\n<p>Actualmente no disponemos de acreditaci\u00f3n para la elaboraci\u00f3n y control de calidad f\u00f3rmulas magistrales y preparados oficinales. Para cubrir la demanda del hospital en cuanto a este tipo de preparados recurrimos a la elaboraci\u00f3n por terceros, siendo uno de nuestros proveedores el Muy Ilustre Colegio de Farmac\u00e9uticos de Zaragoza.<\/p>\n\n\n\n<p>2.- Formas farmac\u00e9uticas est\u00e9riles<\/p>\n\n\n\n<p>La administraci\u00f3n de preparados por v\u00eda intravenosa conlleva con frecuencia una manipulaci\u00f3n previa que incluye su disoluci\u00f3n o adici\u00f3n a una soluci\u00f3n intravenosa, as\u00ed como su acondicionamiento en el contenedor o envase m\u00e1s apropiado en cada caso y, su identificaci\u00f3n individualizada para el paciente al que est\u00e1n destinados. Adem\u00e1s, se debe garantizar no s\u00f3lo las condiciones id\u00f3neas desde la preparaci\u00f3n hasta la administraci\u00f3n, sino el mantenimiento de las condiciones de estabilidad, compatibilidad y esterilidad.<\/p>\n\n\n\n<p>&nbsp;En nuestro Servicio de Farmacia disponemos de un \u00e1rea diferenciada dedicada a la preparaci\u00f3n, control y dispensaci\u00f3n de citost\u00e1ticos y nutriciones parenterales.<\/p>\n\n\n\n<p>Actualmente la importancia del desarrollo de la terap\u00e9utica del c\u00e1ncer implica la existencia dentro del \u00e1rea de preparaci\u00f3n de formas farmac\u00e9uticas est\u00e9riles de un \u00e1rea espec\u00edfica para la preparaci\u00f3n de citot\u00f3xicos. Para este Servicio de Farmacia \u00e9sta constituye actualmente la principal carga de trabajo en cuanto a preparaci\u00f3n de Mezclas Intravenosas se refiere.<\/p>\n\n\n\n<h4 class=\"wp-block-heading\">Participaci\u00f3n en comisiones de calidad<\/h4>\n\n\n\n<p>Comisi\u00f3n de Farmacia y Terap\u00e9utica<\/p>\n\n\n\n<p>Comisi\u00f3n de Uso Racional del Medicamento<\/p>\n\n\n\n<p>Comisi\u00f3n de Formaci\u00f3n Continuada e investigaci\u00f3n<\/p>\n\n\n\n<p>Comisi\u00f3n de Infecciones y Pol\u00edtica Antibi\u00f3tica<\/p>\n\n\n\n<p>Comisi\u00f3n de Historias Cl\u00ednicas<\/p>\n\n\n<\/div>","protected":false},"excerpt":{"rendered":"<p>Presentaci\u00f3n del Servicio de Farmacia Introducci\u00f3n En marzo de 1973 se autoriza por el Inspertor Provincial de Farmacia D. Alejandro Gallego Murillo la apertura de la farmacia de la Residencia Sanitaria \u201cObispo Polanco\u201d siendo entonces la encargada de los Servicios D\u00f1a. Carmen Gonz\u00e1lez Comesa. Desde entonces hasta ahora ha ido evolucionando y adapt\u00e1ndose a los [&hellip;]<\/p>\n","protected":false},"author":1,"featured_media":0,"parent":0,"menu_order":0,"comment_status":"closed","ping_status":"closed","template":"","meta":{"footnotes":""},"class_list":["post-2444","page","type-page","status-publish","hentry"],"_links":{"self":[{"href":"https:\/\/sectorteruel.salud.aragon.es\/index.php?rest_route=\/wp\/v2\/pages\/2444","targetHints":{"allow":["GET"]}}],"collection":[{"href":"https:\/\/sectorteruel.salud.aragon.es\/index.php?rest_route=\/wp\/v2\/pages"}],"about":[{"href":"https:\/\/sectorteruel.salud.aragon.es\/index.php?rest_route=\/wp\/v2\/types\/page"}],"author":[{"embeddable":true,"href":"https:\/\/sectorteruel.salud.aragon.es\/index.php?rest_route=\/wp\/v2\/users\/1"}],"replies":[{"embeddable":true,"href":"https:\/\/sectorteruel.salud.aragon.es\/index.php?rest_route=%2Fwp%2Fv2%2Fcomments&post=2444"}],"version-history":[{"count":6,"href":"https:\/\/sectorteruel.salud.aragon.es\/index.php?rest_route=\/wp\/v2\/pages\/2444\/revisions"}],"predecessor-version":[{"id":2471,"href":"https:\/\/sectorteruel.salud.aragon.es\/index.php?rest_route=\/wp\/v2\/pages\/2444\/revisions\/2471"}],"wp:attachment":[{"href":"https:\/\/sectorteruel.salud.aragon.es\/index.php?rest_route=%2Fwp%2Fv2%2Fmedia&parent=2444"}],"curies":[{"name":"wp","href":"https:\/\/api.w.org\/{rel}","templated":true}]}}